base 9, what is -5 + -213?
-218
In base 10, what is -4 - -167?
163
In base 8, what is -123 - 23?
-146
In base 11, what is -10a1 - -1?
-10a0
In base 3, what is 1 - 22222?
-22221
In base 4, what is -301 - 3?
-310
In base 9, what is -272 - -32?
-240
In base 10, what is 24 + 12?
36
In base 2, what is -11001000 - 100?
-11001100
In base 6, what is 3341 - 5?
3332
In base 13, what is 3 + -162?
-15c
In base 12, what is b + 765?
774
In base 12, what is -1b + 1?
-1a
In base 16, what is 4ab - 2?
4a9
In base 16, what is 9d10 - 0?
9d10
In base 13, what is a - 648?
-63b
In base 13, what is -3 + -9a4?
-9a7
In base 13, what is 21 + 580?
5a1
In base 14, what is -5 - -2c4?
2bd
In base 12, what is 9 + -56?
-49
In base 7, what is 2160 - 0?
2160
In base 4, what is -1 - 111321?
-111322
In base 13, what is -3027 - 4?
-302b
In base 14, what is -a - -50?
44
In base 13, what is -236 - 5?
-23b
In base 6, what is -2253 - -4?
-2245
In base 9, what is -1240 + 5?
-1234
In base 2, what is -1010110 - -100000?
-110110
In base 7, what is -3 + -151?
-154
In base 9, what is 4 - 8223?
-8218
In base 14, what is 5 - 66?
-61
In base 16, what is 29 + a?
33
In base 9, what is 11766 - -4?
11771
In base 5, what is 3 - -131?
134
In base 4, what is 10 + -3?
1
In base 6, what is 22441 - 2?
22435
In base 15, what is -4 - 2b?
-30
In base 7, what is -151 + -2?
-153
In base 4, what is 233 - 13011?
-12112
In base 4, what is 21311 - 30?
21221
In base 7, what is -65 - 44?
-142
In base 16, what is 147 + -4?
143
In base 4, what is 113 - 1103?
-330
In base 4, what is 11 + 213?
230
In base 14, what is -1cc0 - -3?
-1cbb
In base 13, what is 8 + -6?
2
In base 2, what is 111111011010 - -100?
111111011110
In base 15, what is 1 - -19a?
19b
In base 13, what is 0 - -6c?
6c
In base 3, what is -100 + 0?
-100
In base 16, what is 5 - -ca2?
ca7
In base 14, what is 98 + -16?
82
In base 8, what is -6 + 2754?
2746
In base 11, what is 5 - 24a?
-245
In base 8, what is -1474 - -2?
-1472
In base 15, what is -4 + -7?
-b
In base 9, what is -3 + -347?
-351
In base 15, what is -1 + 70?
6e
In base 6, what is 1123 + 32?
1155
In base 6, what is 1 + -20?
-15
In base 8, what is -4 + -166?
-172
In base 2, what is -1 + -11100?
-11101
In base 10, what is -7 - -644?
637
In base 4, what is 11 - 1330?
-1313
In base 13, what is 2 - 21?
-1c
In base 15, what is 1 + 500?
501
In base 4, what is 20 + -22?
-2
In base 11, what is 547 - 5?
542
In base 3, what is 11 + 2111221?
2112002
In base 6, what is 231 - -2?
233
In base 14, what is -b - -24?
17
In base 11, what is -13 - -1?
-12
In base 15, what is -1 + 6?
5
In base 12, what is -24 - -5?
-1b
In base 6, what is 1340 - 0?
1340
In base 13, what is 4a + -201?
-184
In base 9, what is 2 + 11?
13
In base 14, what is -4 - -233?
22d
In base 9, what is 5 + 5075?
5081
In base 13, what is -2 + 5?
3
In base 16, what is -39 - d?
-46
In base 11, what is 60 + 2?
62
In base 12, what is 6 + 1b?
25
In base 7, what is 54 + -136?
-52
In base 3, what is -2 + -1021?
-1100
In base 13, what is 39 - 4?
35
In base 8, what is -1 - 33?
-34
In base 10, what is 18 + 34?
52
In base 8, what is -24 + 31?
5
In base 7, what is 1202 + -1?
1201
In base 6, what is -3 + -5314?
-5321
In base 12, what is -5 + -2?
-7
In base 2, what is 0 + 10100001?
10100001
In base 12, what is 3 + -120?
-119
In base 11, what is -369 - 4?
-372
In base 7, what is 3550 - -4?
3554
In base 14, what is -d + b?
-2
In base 16, what is 1 - -73?
74
In base 10, what is 19 + 6?
25
In base 9, what is 460 - -11?
471
In base 14, what is 2 - 85?
-83
In base 9, what is 17 + 168?
186
In base 3, what is 10 - 100022?
-100012
In base 15, what is -11e + -6?
-125
In base 2, what is 0 + -100110011?
-100110011
In base 13, what is 16 + -4?
12
In base 8, what is -5064 - -6?
-5056
In base 8, what is -41 + -64?
-125
In base 10, what is 371 + -3?
368
In base 15, what is 12c + 4?
131
In base 11, what is 5a8 - 5?
5a3
In base 10, what is 10 - -16?
26
In base 9, what is -56 - -41?
-15
In base 3, what is -11121 + 10?
-11111
In base 4, what is 0 + -1122131?
-1122131
In base 15, what is d87 - 3?
d84
In base 13, what is 1 - -1595?
1596
In base 8, what is -557 + -5?
-564
In base 7, what is 10502 - 3?
10466
In base 12, what is 12 - 0?
12
In base 15, what is 128 - 10?
118
In base 5, what is -123243 - 1?
-123244
In base 5, what is 4041 - 1?
4040
In base 11, what is 3 + -26?
-23
In base 11, what is 2 + 43a6?
43a8
In base 13, what is -9b8 + 1?
-9b7
In base 5, what is 3 - 233?
-230
In base 13, what is -a62 - -2?
-a60
In base 8, what is -12670 + -5?
-12675
In base 6, what is 5 + -122?
-113
In base 8, what is 56 + 32?
110
In base 14, what is 7 + 18?
21
In base 5, what is 11 - 2340?
-2324
In base 2, what is 101 + -10001001?
-10000100
In base 14, what is -4 - 53?
-57
In base 4, what is -1020 + 13?
-1001
In base 2, what is -101011 + 1101?
-11110
In base 2, what is -1000001 - 1?
-1000010
In base 5, what is 2 + 22210?
22212
In base 3, what is 12211 + -22?
12112
In base 6, what is 315 + 304?
1023
In base 6, what is 55244 + -2?
55242
In base 3, what is -2 - 20?
-22
In base 10, what is 1110 + 4?
1114
In base 11, what is -5 + 21?
17
In base 7, what is -6 + 1153?
1144
In base 5, what is 3 + -3334?
-3331
In base 4, what is 10010 + -201?
3203
In base 6, what is -2 - -35304?
35302
In base 9, what is -5 + 62?
56
In base 9, what is 16 - -7?
24
In base 9, what is 18 - 12?
6
In base 2, what is -100101 - 100111?
-1001100
In base 12, what is 6 - -6a?
74
In base 7, what is 33 + 2?
35
In base 2, what is -11010100010 - -1?
-11010100001
In base 8, what is 5 + -715?
-710
In base 4, what is 202 + 122?
330
In base 2, what is -100001 - 100001110?
-100101111
In base 6, what is 153 - -1?
154
In base 8, what is -6 - 26?
-34
In base 12, what is -3 + 60?
59
In base 9, what is 3 - -534?
537
In base 10, what is 5 - -6237?
6242
In base 13, what is -1 + 1a27?
1a26
In base 10, what is 0 + 1090?
1090
In base 11, what is -8 - -41?
34
In base 5, what is 42 - 30?
12
In base 3, what is -21 + 1?
-20
In base 12, what is 32 + -16?
18
In base 11, what is 331 - 6?
326
In base 4, what is 3 + 323233?
323302
In base 3, what is -11012 + 1?
-11011
In base 7, what is 24 - -32?
56
In base 14, what is -45a2 + 3?
-459d
In base 11, what is -170 - 3a?
-1aa
In base 4, what is 10 + -203?
-133
In base 5, what is -2 + -2023?
-2030
In base 4, what is 0 - 3321?
-3321
In base 13, what is 9 + -20?
-14
In base 8, what is -3147 - 0?
-3147
In base 9, what is -27 + -7?
-35
In base 3, what is 110 + -201111?
-201001
In base 8, what is -11 - -13?
2
In base 8, what is -1 - -6443?
6442
In base 8, what is -26 - 0?
-26
In base 14, what is -85 + 6b?
-18
In base 10, what is -23779 + 5?
-23774
In base 4, what is 11 - -3312?
3323
In base 8, what is -3 - 141?
-144
In base 3, what is 0 - -21?
21
In base 4, what is -11 - 2002?
-2013
In base 5, what is -120223 + -1?
-120224
In base 12, what is 0 + -825?
-825
In base 14, what is -3 - -4?
1
In base 4, what is 1 - -11?
12
In base 9, what is -58 + 51?
-7
In base 10, what is 3 + -187?
-184
In base 14, what is -1a - -66?
4a
In base 16, what is 1 - a?
-9
In base 6, what is -13 + 0?
-13
In base 6, what is 3 + 2040?
2043
In base 15, what is -22 + -a?
-2c
In base 2, what is 0 - 110111?
-110111
In base 8, what is -147 + 62?
-65
In base 14, what is 3 + -65?
-62
In base 8, what is 1312 + -2?
1310
In base 2, what is -11 + 1111010100?
1111010001
In base 3, what is -122 - -11?
-111
In base 9, what is -116 + 0?
-116
In base 12, what is -71 + 0?
-71
In base 14, what is -2 - 3a?
-3c
In base 11, what is -5 + 370?
366
In base 16, what is -4c + -4?
-50
In base 4, what is 3 - -1231?
1300
In base 14, what is 1020 + -5?
1019
In base 9, what is -115 - 0?
-115
In base 3, what is 100002221 - 11?
100002210
In base 10, what is -2 - -69?
67
In base 6, what is -21 - 11?
-32
In base 13, what is 0 + -20?
-20
In base 16, what is 40 - 5?
3b
In base 2, what is 110110001010 + 11?
110110001101
In base 14, what is 1932 + 5?
1937
In base 14, what is -565 + 5?
-560
In base 14, what is 153 - 4?
14d
In base 12, what is -29 + 31?
4
In base 14, what is -67 + -2?
-69
In base 7, what is -3 - 10531?
-10534
In base 16, what is 5 - -13?
18
In base 10, what is -53 - -6?
-47
In base 12, what is -45 - -4?
-41
In base 12, what is 1 + -33b?
-33a
In base 7, what is -1520 + 4?
-151